{"version":"1.0","provider_name":"Red Movilidad","provider_url":"https:\/\/www.red.cl\/fr\/","author_name":"Daniel Escobar","author_url":"https:\/\/www.red.cl\/fr\/author\/daniel\/","title":"Transport vert - Red Movilidad","type":"rich","width":600,"height":338,"html":"<blockquote class=\"wp-embedded-content\" data-secret=\"LzF0Mo3pOC\"><a href=\"https:\/\/www.red.cl\/fr\/a-propos-du-reseau\/transporte-ecologico\/\">Transport vert<\/a><\/blockquote><iframe sandbox=\"allow-scripts\" security=\"restricted\" src=\"https:\/\/www.red.cl\/fr\/a-propos-du-reseau\/transporte-ecologico\/embed\/#?secret=LzF0Mo3pOC\" width=\"600\" height=\"338\" title=\"\u00ab\u00a0Transport vert\u00a0\u00bb &#8212; Red Movilidad\" data-secret=\"LzF0Mo3pOC\" frameborder=\"0\" marginwidth=\"0\" marginheight=\"0\" scrolling=\"no\" class=\"wp-embedded-content\"><\/iframe><script type=\"text\/javascript\">\n\/* <![CDATA[ *\/\n\/*! This file is auto-generated *\/\n!function(d,l){\"use strict\";l.querySelector&&d.addEventListener&&\"undefined\"!=typeof URL&&(d.wp=d.wp||{},d.wp.receiveEmbedMessage||(d.wp.receiveEmbedMessage=function(e){var t=e.data;if((t||t.secret||t.message||t.value)&&!\/[^a-zA-Z0-9]\/.test(t.secret)){for(var s,r,n,a=l.querySelectorAll('iframe[data-secret=\"'+t.secret+'\"]'),o=l.querySelectorAll('blockquote[data-secret=\"'+t.secret+'\"]'),c=new RegExp(\"^https?:$\",\"i\"),i=0;i<o.length;i++)o[i].style.display=\"none\";for(i=0;i<a.length;i++)s=a[i],e.source===s.contentWindow&&(s.removeAttribute(\"style\"),\"height\"===t.message?(1e3<(r=parseInt(t.value,10))?r=1e3:~~r<200&&(r=200),s.height=r):\"link\"===t.message&&(r=new URL(s.getAttribute(\"src\")),n=new URL(t.value),c.test(n.protocol))&&n.host===r.host&&l.activeElement===s&&(d.top.location.href=t.value))}},d.addEventListener(\"message\",d.wp.receiveEmbedMessage,!1),l.addEventListener(\"DOMContentLoaded\",function(){for(var e,t,s=l.querySelectorAll(\"iframe.wp-embedded-content\"),r=0;r<s.length;r++)(t=(e=s[r]).getAttribute(\"data-secret\"))||(t=Math.random().toString(36).substring(2,12),e.src+=\"#?secret=\"+t,e.setAttribute(\"data-secret\",t)),e.contentWindow.postMessage({message:\"ready\",secret:t},\"*\")},!1)))}(window,document);\n\/* ]]> *\/\n<\/script>\n","description":"Le syst\u00e8me de transport public m\u00e9tropolitain modifie progressivement la norme de ses bus. Ainsi, les habitants de la ville de Santiago ont commenc\u00e9 \u00e0 voir circuler dans leurs rues de nouveaux bus \u00e9lectriques et \u00e9cologiques (avec la technologie Euro VI) en rouge et blanc. Ce changement de flotte s\u2019inscrit dans le cadre du nouvel appel d\u2019offres pour le syst\u00e8me."}

Le système de transport public métropolitain modifie progressivement la norme de ses bus. Ainsi, les habitants de la ville de Santiago ont commencé à voir circuler dans leurs rues de nouveaux bus électriques et écologiques (avec la technologie Euro VI) en rouge et blanc. Ce changement de flotte s’inscrit dans le cadre du nouvel appel d’offres pour le système.
